[INFO] fetching crate warpgrapher 0.11.2...
[INFO] checking warpgrapher-0.11.2 against master#e6e4f7ed1589e03bc2f6c5931c1a72e7947e8682 for beta-170-4
[INFO] extracting crate warpgrapher 0.11.2 into /workspace/builds/worker-5-tc2/source
[INFO] validating manifest of crates.io crate warpgrapher 0.11.2 on toolchain e6e4f7ed1589e03bc2f6c5931c1a72e7947e8682
[INFO] running `Command { std: CARGO_HOME="/workspace/cargo-home" RUSTUP_HOME="/workspace/rustup-home" "/workspace/cargo-home/bin/cargo" "+e6e4f7ed1589e03bc2f6c5931c1a72e7947e8682" "metadata" "--manifest-path" "Cargo.toml" "--no-deps", kill_on_drop: false }`
[INFO] started tweaking crates.io crate warpgrapher 0.11.2
[INFO] finished tweaking crates.io crate warpgrapher 0.11.2
[INFO] tweaked toml for crates.io crate warpgrapher 0.11.2 written to /workspace/builds/worker-5-tc2/source/Cargo.toml
[INFO] crate crates.io crate warpgrapher 0.11.2 already has a lockfile, it will not be regenerated
[INFO] running `Command { std: CARGO_HOME="/workspace/cargo-home" RUSTUP_HOME="/workspace/rustup-home" "/workspace/cargo-home/bin/cargo" "+e6e4f7ed1589e03bc2f6c5931c1a72e7947e8682" "fetch" "--manifest-path" "Cargo.toml", kill_on_drop: false }`
[INFO] running `Command { std: "docker" "create" "-v" "/var/lib/crater-agent-workspace/builds/worker-5-tc2/target:/opt/rustwide/target:rw,Z" "-v" "/var/lib/crater-agent-workspace/builds/worker-5-tc2/source:/opt/rustwide/workdir:ro,Z" "-v" "/var/lib/crater-agent-workspace/cargo-home:/opt/rustwide/cargo-home:ro,Z" "-v" "/var/lib/crater-agent-workspace/rustup-home:/opt/rustwide/rustup-home:ro,Z" "-e" "SOURCE_DIR=/opt/rustwide/workdir" "-e" "CARGO_TARGET_DIR=/opt/rustwide/target" "-e" "CARGO_HOME=/opt/rustwide/cargo-home" "-e" "RUSTUP_HOME=/opt/rustwide/rustup-home" "-w" "/opt/rustwide/workdir" "-m" "1610612736" "--user" "0:0" "--network" "none" "ghcr.io/rust-lang/crates-build-env/linux@sha256:19e73879b68f455e41552ea35293514db52ea292d993f571636dbffedb77a1ee" "/opt/rustwide/cargo-home/bin/cargo" "+e6e4f7ed1589e03bc2f6c5931c1a72e7947e8682" "metadata" "--no-deps" "--format-version=1", kill_on_drop: false }`
[INFO] [stdout] 37e5cbfc4287cef428eae53c6d6f852fb19991e4d88f92c4d82cd731d47fb97d
[INFO] running `Command { std: "docker" "start" "-a" "37e5cbfc4287cef428eae53c6d6f852fb19991e4d88f92c4d82cd731d47fb97d", kill_on_drop: false }`
[INFO] running `Command { std: "docker" "inspect" "37e5cbfc4287cef428eae53c6d6f852fb19991e4d88f92c4d82cd731d47fb97d", kill_on_drop: false }`
[INFO] running `Command { std: "docker" "rm" "-f" "37e5cbfc4287cef428eae53c6d6f852fb19991e4d88f92c4d82cd731d47fb97d", kill_on_drop: false }`
[INFO] [stdout] 37e5cbfc4287cef428eae53c6d6f852fb19991e4d88f92c4d82cd731d47fb97d
[INFO] running `Command { std: "docker" "create" "-v" "/var/lib/crater-agent-workspace/builds/worker-5-tc2/target:/opt/rustwide/target:rw,Z" "-v" "/var/lib/crater-agent-workspace/builds/worker-5-tc2/source:/opt/rustwide/workdir:ro,Z" "-v" "/var/lib/crater-agent-workspace/cargo-home:/opt/rustwide/cargo-home:ro,Z" "-v" "/var/lib/crater-agent-workspace/rustup-home:/opt/rustwide/rustup-home:ro,Z" "-e" "SOURCE_DIR=/opt/rustwide/workdir" "-e" "CARGO_TARGET_DIR=/opt/rustwide/target" "-e" "CARGO_INCREMENTAL=0" "-e" "RUST_BACKTRACE=full" "-e" "RUSTFLAGS=--cap-lints=forbid" "-e" "RUSTDOCFLAGS=--cap-lints=forbid" "-e" "CARGO_HOME=/opt/rustwide/cargo-home" "-e" "RUSTUP_HOME=/opt/rustwide/rustup-home" "-w" "/opt/rustwide/workdir" "-m" "1610612736" "--user" "0:0" "--network" "none" "ghcr.io/rust-lang/crates-build-env/linux@sha256:19e73879b68f455e41552ea35293514db52ea292d993f571636dbffedb77a1ee" "/opt/rustwide/cargo-home/bin/cargo" "+e6e4f7ed1589e03bc2f6c5931c1a72e7947e8682" "check" "--frozen" "--all" "--all-targets" "--message-format=json", kill_on_drop: false }`
[INFO] [stdout] 589e9a53be7c203d7146371732505220516bbe1ac8664d0c685846e1e8dd736e
[INFO] running `Command { std: "docker" "start" "-a" "589e9a53be7c203d7146371732505220516bbe1ac8664d0c685846e1e8dd736e", kill_on_drop: false }`
[INFO] [stderr]    Compiling proc-macro2 v1.0.43
[INFO] [stderr]    Compiling unicode-ident v1.0.3
[INFO] [stderr]    Compiling syn v1.0.99
[INFO] [stderr]    Compiling libc v0.2.129
[INFO] [stderr]    Compiling serde_derive v1.0.143
[INFO] [stderr]    Compiling serde v1.0.143
[INFO] [stderr]     Checking once_cell v1.13.0
[INFO] [stderr]    Compiling futures-core v0.3.21
[INFO] [stderr]    Compiling indexmap v1.9.1
[INFO] [stderr]    Compiling slab v0.4.7
[INFO] [stderr]     Checking itoa v1.0.3
[INFO] [stderr]    Compiling futures-channel v0.3.21
[INFO] [stderr]    Compiling cc v1.0.73
[INFO] [stderr]    Compiling pkg-config v0.3.25
[INFO] [stderr]    Compiling futures-task v0.3.21
[INFO] [stderr]     Checking bytes v1.2.1
[INFO] [stderr]     Checking futures-sink v0.3.21
[INFO] [stderr]    Compiling tokio v1.20.1
[INFO] [stderr]    Compiling futures-util v0.3.21
[INFO] [stderr]    Compiling quote v1.0.21
[INFO] [stderr]     Checking tracing-core v0.1.29
[INFO] [stderr]     Checking futures-io v0.3.21
[INFO] [stderr]     Checking matches v0.1.9
[INFO] [stderr]     Checking tinyvec_macros v0.1.0
[INFO] [stderr]    Compiling num-traits v0.2.15
[INFO] [stderr]     Checking tinyvec v1.6.0
[INFO] [stderr]     Checking num_cpus v1.13.1
[INFO] [stderr]     Checking mio v0.8.4
[INFO] [stderr]     Checking socket2 v0.4.4
[INFO] [stderr]    Compiling openssl v0.10.41
[INFO] [stderr]     Checking ryu v1.0.11
[INFO] [stderr]     Checking percent-encoding v2.1.0
[INFO] [stderr]     Checking form_urlencoded v1.0.1
[INFO] [stderr]     Checking getrandom v0.1.16
[INFO] [stderr]     Checking http v0.2.8
[INFO] [stderr]    Compiling num-integer v0.1.45
[INFO] [stderr]     Checking unicode-bidi v0.3.8
[INFO] [stderr]    Compiling native-tls v0.2.10
[INFO] [stderr]    Compiling openssl-sys v0.9.75
[INFO] [stderr]    Compiling httparse v1.7.1
[INFO] [stderr]    Compiling serde_json v1.0.83
[INFO] [stderr]     Checking unicode-normalization v0.1.21
[INFO] [stderr]     Checking rand_core v0.5.1
[INFO] [stderr]     Checking rand v0.4.6
[INFO] [stderr]     Checking aho-corasick v0.7.18
[INFO] [stderr]     Checking linked-hash-map v0.5.6
[INFO] [stderr]     Checking stable_deref_trait v1.2.0
[INFO] [stderr]     Checking idna v0.2.3
[INFO] [stderr]     Checking regex-syntax v0.6.27
[INFO] [stderr]     Checking ppv-lite86 v0.2.16
[INFO] [stderr]     Checking try-lock v0.2.3
[INFO] [stderr]    Compiling async-trait v0.1.57
[INFO] [stderr]     Checking want v0.3.0
[INFO] [stderr]     Checking url v2.2.2
[INFO] [stderr]     Checking parking_lot_core v0.2.14
[INFO] [stderr]     Checking rand_chacha v0.2.2
[INFO] [stderr]     Checking owning_ref v0.3.3
[INFO] [stderr]     Checking http-body v0.4.5
[INFO] [stderr]    Compiling proc-macro-error-attr v1.0.4
[INFO] [stderr]     Checking time v0.1.44
[INFO] [stderr]     Checking getrandom v0.2.7
[INFO] [stderr]    Compiling encoding_rs v0.8.31
[INFO] [stderr]     Checking either v1.7.0
[INFO] [stderr]     Checking iana-time-zone v0.1.41
[INFO] [stderr]     Checking base64 v0.13.0
[INFO] [stderr]     Checking byteorder v1.4.3
[INFO] [stderr]     Checking chrono v0.4.21
[INFO] [stderr]     Checking rand v0.7.3
[INFO] [stderr]     Checking parking_lot v0.4.8
[INFO] [stderr]     Checking combine v3.8.1
[INFO] [stderr]    Compiling semver v1.0.13
[INFO] [stderr]    Compiling pulldown-cmark v0.8.0
[INFO] [stderr]     Checking smartstring v0.2.10
[INFO] [stderr]     Checking chashmap v2.2.2
[INFO] [stderr]     Checking yaml-rust v0.4.5
[INFO] [stderr]     Checking regex v1.6.0
[INFO] [stderr]     Checking mime v0.3.16
[INFO] [stderr]     Checking ipnet v2.5.0
[INFO] [stderr]     Checking atty v0.2.14
[INFO] [stderr]     Checking maplit v1.0.2
[INFO] [stderr]     Checking assert_approx_eq v1.1.0
[INFO] [stderr]     Checking Inflector v0.11.4
[INFO] [stderr]     Checking env_logger v0.9.0
[INFO] [stderr]    Compiling proc-macro-error v1.0.4
[INFO] [stderr]    Compiling derive_utils v0.11.2
[INFO] [stderr]    Compiling tracing-attributes v0.1.22
[INFO] [stderr]    Compiling futures-macro v0.3.21
[INFO] [stderr]    Compiling tokio-macros v1.8.0
[INFO] [stderr]    Compiling openssl-macros v0.1.0
[INFO] [stderr]    Compiling thiserror-impl v1.0.32
[INFO] [stderr]    Compiling pin-project-internal v1.0.11
[INFO] [stderr]     Checking thiserror v1.0.32
[INFO] [stderr]     Checking graphql-parser v0.3.0
[INFO] [stderr]     Checking pin-project v1.0.11
[INFO] [stderr]    Compiling futures-enum v0.1.17
[INFO] [stderr]     Checking tracing v0.1.36
[INFO] [stderr]    Compiling juniper_codegen v0.15.9
[INFO] [stderr]     Checking tracing-futures v0.2.5
[INFO] [stderr]     Checking tokio-util v0.7.3
[INFO] [stderr]     Checking tokio-native-tls v0.3.0
[INFO] [stderr]     Checking ultra-batch v0.2.0
[INFO] [stderr]     Checking futures-executor v0.3.21
[INFO] [stderr]     Checking futures v0.3.21
[INFO] [stderr]     Checking uuid v0.8.2
[INFO] [stderr]     Checking serde_urlencoded v0.7.1
[INFO] [stderr]     Checking toml v0.5.9
[INFO] [stderr]     Checking h2 v0.3.13
[INFO] [stderr]     Checking serde_yaml v0.8.26
[INFO] [stderr]     Checking version-sync v0.9.4
[INFO] [stderr]     Checking bson v1.2.4
[INFO] [stderr]     Checking juniper v0.15.10
[INFO] [stderr]     Checking hyper v0.14.20
[INFO] [stderr]     Checking hyper-tls v0.5.0
[INFO] [stderr]     Checking reqwest v0.11.11
[INFO] [stderr]     Checking warpgrapher v0.11.2 (/opt/rustwide/workdir)
[INFO] [stdout] error[E0432]: unresolved import `warpgrapher::engine::database::cypher`
[INFO] [stdout]  --> examples/programmatic_config/main.rs:4:36
[INFO] [stdout]   |
[INFO] [stdout] 4 | use warpgrapher::engine::database::cypher::CypherEndpoint;
[INFO] [stdout]   |                                    ^^^^^^ could not find `cypher` in `database`
[INFO] [stdout] 
[INFO] [stdout] 
[INFO] [stdout] error[E0432]: unresolved import `warpgrapher::engine::database::cypher`
[INFO] [stdout]  --> examples/quickstart/main.rs:5:36
[INFO] [stdout]   |
[INFO] [stdout] 5 | use warpgrapher::engine::database::cypher::CypherEndpoint;
[INFO] [stdout]   |                                    ^^^^^^ could not find `cypher` in `database`
[INFO] [stdout] 
[INFO] [stdout] 
[INFO] [stdout] error[E0432]: unresolved import `warpgrapher::engine::database::cypher`
[INFO] [stdout]  --> examples/event_handlers/main.rs:7:36
[INFO] [stdout]   |
[INFO] [stdout] 7 | use warpgrapher::engine::database::cypher::CypherEndpoint;
[INFO] [stdout]   |                                    ^^^^^^ could not find `cypher` in `database`
[INFO] [stdout] 
[INFO] [stdout] 
[INFO] [stdout] error[E0432]: unresolved import `warpgrapher::engine::database::cypher`
[INFO] [stdout]  --> examples/endpoints/main.rs:6:36
[INFO] [stdout]   |
[INFO] [stdout] 6 | use warpgrapher::engine::database::cypher::CypherEndpoint;
[INFO] [stdout]   |                                    ^^^^^^ could not find `cypher` in `database`
[INFO] [stdout] 
[INFO] [stdout] 
[INFO] [stdout] warning: unused import: `log::trace`
[INFO] [stdout]  --> tests/setup/mod.rs:5:5
[INFO] [stdout]   |
[INFO] [stdout] 5 | use log::trace;
[INFO] [stdout]   |     ^^^^^^^^^^
[INFO] [stdout]   |
[INFO] [stdout]   = note: `#[warn(unused_imports)]` on by default
[INFO] [stdout] 
[INFO] [stdout] 
[INFO] [stdout] warning: unused import: `log::trace`
[INFO] [stdout]  --> tests/setup/mod.rs:5:5
[INFO] [stdout]   |
[INFO] [stdout] 5 | use log::trace;
[INFO] [stdout]   |     ^^^^^^^^^^
[INFO] [stdout]   |
[INFO] [stdout]   = note: `#[warn(unused_imports)]` on by default
[INFO] [stdout] 
[INFO] [stdout] 
[INFO] [stdout] error[E0432]: unresolved import `warpgrapher_macros`
[INFO] [stdout]  --> tests/node_snst_resolver_test.rs:6:5
[INFO] [stdout]   |
[INFO] [stdout] 6 | use warpgrapher_macros::wg_test;
[INFO] [stdout]   |     ^^^^^^^^^^^^^^^^^^ use of undeclared crate or module `warpgrapher_macros`
[INFO] [stdout] 
[INFO] [stdout] 
[INFO] [stdout] error: cannot determine resolution for the attribute macro `wg_test`
[INFO] [stdout]  --> tests/node_snst_resolver_test.rs:9:3
[INFO] [stdout]   |
[INFO] [stdout] 9 | #[wg_test]
[INFO] [stdout]   |   ^^^^^^^
[INFO] [stdout]   |
[INFO] [stdout]   = note: import resolution is stuck, try simplifying macro imports
[INFO] [stdout] 
[INFO] [stdout] 
[INFO] [stdout] error: cannot determine resolution for the attribute macro `wg_test`
[INFO] [stdout]   --> tests/node_snst_resolver_test.rs:88:3
[INFO] [stdout]    |
[INFO] [stdout] 88 | #[wg_test]
[INFO] [stdout]    |   ^^^^^^^
[INFO] [stdout]    |
[INFO] [stdout]    = note: import resolution is stuck, try simplifying macro imports
[INFO] [stdout] 
[INFO] [stdout] 
[INFO] [stdout] error: cannot determine resolution for the attribute macro `wg_test`
[INFO] [stdout]    --> tests/node_snst_resolver_test.rs:183:3
[INFO] [stdout]     |
[INFO] [stdout] 183 | #[wg_test]
[INFO] [stdout]     |   ^^^^^^^
[INFO] [stdout]     |
[INFO] [stdout]     = note: import resolution is stuck, try simplifying macro imports
[INFO] [stdout] 
[INFO] [stdout] 
[INFO] [stdout] error: cannot determine resolution for the attribute macro `wg_test`
[INFO] [stdout]    --> tests/node_snst_resolver_test.rs:341:3
[INFO] [stdout]     |
[INFO] [stdout] 341 | #[wg_test]
[INFO] [stdout]     |   ^^^^^^^
[INFO] [stdout]     |
[INFO] [stdout]     = note: import resolution is stuck, try simplifying macro imports
[INFO] [stdout] 
[INFO] [stdout] 
[INFO] [stdout] error: cannot determine resolution for the attribute macro `wg_test`
[INFO] [stdout]    --> tests/node_snst_resolver_test.rs:418:3
[INFO] [stdout]     |
[INFO] [stdout] 418 | #[wg_test]
[INFO] [stdout]     |   ^^^^^^^
[INFO] [stdout]     |
[INFO] [stdout]     = note: import resolution is stuck, try simplifying macro imports
[INFO] [stdout] 
[INFO] [stdout] 
[INFO] [stdout] error: cannot determine resolution for the attribute macro `wg_test`
[INFO] [stdout]    --> tests/node_snst_resolver_test.rs:499:3
[INFO] [stdout]     |
[INFO] [stdout] 499 | #[wg_test]
[INFO] [stdout]     |   ^^^^^^^
[INFO] [stdout]     |
[INFO] [stdout]     = note: import resolution is stuck, try simplifying macro imports
[INFO] [stdout] 
[INFO] [stdout] 
[INFO] [stdout] error: cannot determine resolution for the attribute macro `wg_test`
[INFO] [stdout]    --> tests/node_snst_resolver_test.rs:603:3
[INFO] [stdout]     |
[INFO] [stdout] 603 | #[wg_test]
[INFO] [stdout]     |   ^^^^^^^
[INFO] [stdout]     |
[INFO] [stdout]     = note: import resolution is stuck, try simplifying macro imports
[INFO] [stdout] 
[INFO] [stdout] 
[INFO] [stdout] error: cannot determine resolution for the attribute macro `wg_test`
[INFO] [stdout]    --> tests/node_snst_resolver_test.rs:717:3
[INFO] [stdout]     |
[INFO] [stdout] 717 | #[wg_test]
[INFO] [stdout]     |   ^^^^^^^
[INFO] [stdout]     |
[INFO] [stdout]     = note: import resolution is stuck, try simplifying macro imports
[INFO] [stdout] 
[INFO] [stdout] 
[INFO] [stdout] error: cannot determine resolution for the attribute macro `wg_test`
[INFO] [stdout]    --> tests/node_snst_resolver_test.rs:822:3
[INFO] [stdout]     |
[INFO] [stdout] 822 | #[wg_test]
[INFO] [stdout]     |   ^^^^^^^
[INFO] [stdout]     |
[INFO] [stdout]     = note: import resolution is stuck, try simplifying macro imports
[INFO] [stdout] 
[INFO] [stdout] 
[INFO] [stdout] error: cannot determine resolution for the attribute macro `wg_test`
[INFO] [stdout]    --> tests/node_snst_resolver_test.rs:923:3
[INFO] [stdout]     |
[INFO] [stdout] 923 | #[wg_test]
[INFO] [stdout]     |   ^^^^^^^
[INFO] [stdout]     |
[INFO] [stdout]     = note: import resolution is stuck, try simplifying macro imports
[INFO] [stdout] 
[INFO] [stdout] 
[INFO] [stdout] error: cannot determine resolution for the attribute macro `wg_test`
[INFO] [stdout]     --> tests/node_snst_resolver_test.rs:1027:3
[INFO] [stdout]      |
[INFO] [stdout] 1027 | #[wg_test]
[INFO] [stdout]      |   ^^^^^^^
[INFO] [stdout]      |
[INFO] [stdout]      = note: import resolution is stuck, try simplifying macro imports
[INFO] [stdout] 
[INFO] [stdout] 
[INFO] [stdout] error: cannot determine resolution for the attribute macro `wg_test`
[INFO] [stdout]     --> tests/node_snst_resolver_test.rs:1127:3
[INFO] [stdout]      |
[INFO] [stdout] 1127 | #[wg_test]
[INFO] [stdout]      |   ^^^^^^^
[INFO] [stdout]      |
[INFO] [stdout]      = note: import resolution is stuck, try simplifying macro imports
[INFO] [stdout] 
[INFO] [stdout] 
[INFO] [stdout] warning: unused import: `log::trace`
[INFO] [stdout]  --> tests/setup/mod.rs:5:5
[INFO] [stdout]   |
[INFO] [stdout] 5 | use log::trace;
[INFO] [stdout]   |     ^^^^^^^^^^
[INFO] [stdout]   |
[INFO] [stdout]   = note: `#[warn(unused_imports)]` on by default
[INFO] [stdout] 
[INFO] [stdout] 
[INFO] [stdout] warning: unused import: `warpgrapher::engine::database::DatabaseEndpoint`
[INFO] [stdout]  --> examples/programmatic_config/main.rs:5:5
[INFO] [stdout]   |
[INFO] [stdout] 5 | use warpgrapher::engine::database::DatabaseEndpoint;
[INFO] [stdout]   |     ^^^^^^^^^^^^^^^^^^^^^^^^^^^^^^^^^^^^^^^^^^^^^^^
[INFO] [stdout]   |
[INFO] [stdout]   = note: `#[warn(unused_imports)]` on by default
[INFO] [stdout] 
[INFO] [stdout] 
[INFO] [stdout] warning: unused import: `warpgrapher::engine::database::DatabaseEndpoint`
[INFO] [stdout]  --> examples/quickstart/main.rs:6:5
[INFO] [stdout]   |
[INFO] [stdout] 6 | use warpgrapher::engine::database::DatabaseEndpoint;
[INFO] [stdout]   |     ^^^^^^^^^^^^^^^^^^^^^^^^^^^^^^^^^^^^^^^^^^^^^^^
[INFO] [stdout]   |
[INFO] [stdout]   = note: `#[warn(unused_imports)]` on by default
[INFO] [stdout] 
[INFO] [stdout] 
[INFO] [stdout] warning: unused import: `warpgrapher::engine::database::DatabaseEndpoint`
[INFO] [stdout]  --> examples/endpoints/main.rs:7:5
[INFO] [stdout]   |
[INFO] [stdout] 7 | use warpgrapher::engine::database::DatabaseEndpoint;
[INFO] [stdout]   |     ^^^^^^^^^^^^^^^^^^^^^^^^^^^^^^^^^^^^^^^^^^^^^^^
[INFO] [stdout]   |
[INFO] [stdout]   = note: `#[warn(unused_imports)]` on by default
[INFO] [stdout] 
[INFO] [stdout] 
[INFO] [stdout] error: aborting due to previous error; 1 warning emitted
[INFO] [stdout] 
[INFO] [stdout] 
[INFO] [stdout] For more information about this error, try `rustc --explain E0432`.
[INFO] [stdout] 
[INFO] [stdout] error: aborting due to previous error; 1 warning emitted
[INFO] [stdout] 
[INFO] [stdout] 
[INFO] [stdout] For more information about this error, try `rustc --explain E0432`.
[INFO] [stdout] 
[INFO] [stdout] error[E0432]: unresolved import `warpgrapher_macros`
[INFO] [stdout]  --> tests/node_mnst_resolver_test.rs:6:5
[INFO] [stdout]   |
[INFO] [stdout] 6 | use warpgrapher_macros::wg_test;
[INFO] [stdout]   |     ^^^^^^^^^^^^^^^^^^ use of undeclared crate or module `warpgrapher_macros`
[INFO] [stdout] 
[INFO] [stdout] 
[INFO] [stdout] error: cannot determine resolution for the attribute macro `wg_test`
[INFO] [stdout]  --> tests/node_mnst_resolver_test.rs:9:3
[INFO] [stdout]   |
[INFO] [stdout] 9 | #[wg_test]
[INFO] [stdout]   |   ^^^^^^^
[INFO] [stdout]   |
[INFO] [stdout]   = note: import resolution is stuck, try simplifying macro imports
[INFO] [stdout] 
[INFO] [stdout] 
[INFO] [stdout] warning: 1 warning emitted
[INFO] [stdout] 
[INFO] [stdout] 
[INFO] [stdout] error: aborting due to previous error; 1 warning emitted
[INFO] [stdout] 
[INFO] [stdout] 
[INFO] [stdout] For more information about this error, try `rustc --explain E0432`.
[INFO] [stdout] 
[INFO] [stdout] error: cannot determine resolution for the attribute macro `wg_test`
[INFO] [stdout]    --> tests/node_mnst_resolver_test.rs:133:3
[INFO] [stdout]     |
[INFO] [stdout] 133 | #[wg_test]
[INFO] [stdout]     |   ^^^^^^^
[INFO] [stdout]     |
[INFO] [stdout]     = note: import resolution is stuck, try simplifying macro imports
[INFO] [stdout] 
[INFO] [stdout] 
[INFO] [stdout] error: cannot determine resolution for the attribute macro `wg_test`
[INFO] [stdout]    --> tests/node_mnst_resolver_test.rs:231:3
[INFO] [stdout]     |
[INFO] [stdout] 231 | #[wg_test]
[INFO] [stdout]     |   ^^^^^^^
[INFO] [stdout]     |
[INFO] [stdout]     = note: import resolution is stuck, try simplifying macro imports
[INFO] [stdout] 
[INFO] [stdout] 
[INFO] [stdout] error: cannot determine resolution for the attribute macro `wg_test`
[INFO] [stdout]    --> tests/node_mnst_resolver_test.rs:280:3
[INFO] [stdout]     |
[INFO] [stdout] 280 | #[wg_test]
[INFO] [stdout]     |   ^^^^^^^
[INFO] [stdout]     |
[INFO] [stdout]     = note: import resolution is stuck, try simplifying macro imports
[INFO] [stdout] 
[INFO] [stdout] 
[INFO] [stdout] error: cannot determine resolution for the attribute macro `wg_test`
[INFO] [stdout]    --> tests/node_mnst_resolver_test.rs:357:3
[INFO] [stdout]     |
[INFO] [stdout] 357 | #[wg_test]
[INFO] [stdout]     |   ^^^^^^^
[INFO] [stdout]     |
[INFO] [stdout]     = note: import resolution is stuck, try simplifying macro imports
[INFO] [stdout] 
[INFO] [stdout] 
[INFO] [stdout] error: cannot determine resolution for the attribute macro `wg_test`
[INFO] [stdout]    --> tests/node_mnst_resolver_test.rs:416:3
[INFO] [stdout]     |
[INFO] [stdout] 416 | #[wg_test]
[INFO] [stdout]     |   ^^^^^^^
[INFO] [stdout]     |
[INFO] [stdout]     = note: import resolution is stuck, try simplifying macro imports
[INFO] [stdout] 
[INFO] [stdout] 
[INFO] [stdout] error: cannot determine resolution for the attribute macro `wg_test`
[INFO] [stdout]    --> tests/node_mnst_resolver_test.rs:474:3
[INFO] [stdout]     |
[INFO] [stdout] 474 | #[wg_test]
[INFO] [stdout]     |   ^^^^^^^
[INFO] [stdout]     |
[INFO] [stdout]     = note: import resolution is stuck, try simplifying macro imports
[INFO] [stdout] 
[INFO] [stdout] 
[INFO] [stdout] error: cannot determine resolution for the attribute macro `wg_test`
[INFO] [stdout]    --> tests/node_mnst_resolver_test.rs:531:3
[INFO] [stdout]     |
[INFO] [stdout] 531 | #[wg_test]
[INFO] [stdout]     |   ^^^^^^^
[INFO] [stdout]     |
[INFO] [stdout]     = note: import resolution is stuck, try simplifying macro imports
[INFO] [stdout] 
[INFO] [stdout] 
[INFO] [stdout] error: cannot determine resolution for the attribute macro `wg_test`
[INFO] [stdout]    --> tests/node_mnst_resolver_test.rs:575:3
[INFO] [stdout]     |
[INFO] [stdout] 575 | #[wg_test]
[INFO] [stdout]     |   ^^^^^^^
[INFO] [stdout]     |
[INFO] [stdout]     = note: import resolution is stuck, try simplifying macro imports
[INFO] [stdout] 
[INFO] [stdout] 
[INFO] [stdout] error: cannot determine resolution for the attribute macro `wg_test`
[INFO] [stdout]    --> tests/node_mnst_resolver_test.rs:609:3
[INFO] [stdout]     |
[INFO] [stdout] 609 | #[wg_test]
[INFO] [stdout]     |   ^^^^^^^
[INFO] [stdout]     |
[INFO] [stdout]     = note: import resolution is stuck, try simplifying macro imports
[INFO] [stdout] 
[INFO] [stdout] 
[INFO] [stdout] error: cannot determine resolution for the attribute macro `wg_test`
[INFO] [stdout]    --> tests/node_mnst_resolver_test.rs:665:3
[INFO] [stdout]     |
[INFO] [stdout] 665 | #[wg_test]
[INFO] [stdout]     |   ^^^^^^^
[INFO] [stdout]     |
[INFO] [stdout]     = note: import resolution is stuck, try simplifying macro imports
[INFO] [stdout] 
[INFO] [stdout] 
[INFO] [stderr] error: could not compile `warpgrapher` (example "programmatic_config") due to 2 previous errors; 1 warning emitted
[INFO] [stderr] warning: build failed, waiting for other jobs to finish...
[INFO] [stdout] error: cannot determine resolution for the attribute macro `wg_test`
[INFO] [stdout]    --> tests/node_mnst_resolver_test.rs:731:3
[INFO] [stdout]     |
[INFO] [stdout] 731 | #[wg_test]
[INFO] [stdout]     |   ^^^^^^^
[INFO] [stdout]     |
[INFO] [stdout]     = note: import resolution is stuck, try simplifying macro imports
[INFO] [stdout] 
[INFO] [stdout] 
[INFO] [stdout] error: cannot determine resolution for the attribute macro `wg_test`
[INFO] [stdout]    --> tests/node_mnst_resolver_test.rs:788:3
[INFO] [stdout]     |
[INFO] [stdout] 788 | #[wg_test]
[INFO] [stdout]     |   ^^^^^^^
[INFO] [stdout]     |
[INFO] [stdout]     = note: import resolution is stuck, try simplifying macro imports
[INFO] [stdout] 
[INFO] [stdout] 
[INFO] [stdout] error: cannot determine resolution for the attribute macro `wg_test`
[INFO] [stdout]    --> tests/node_mnst_resolver_test.rs:857:3
[INFO] [stdout]     |
[INFO] [stdout] 857 | #[wg_test]
[INFO] [stdout]     |   ^^^^^^^
[INFO] [stdout]     |
[INFO] [stdout]     = note: import resolution is stuck, try simplifying macro imports
[INFO] [stdout] 
[INFO] [stdout] 
[INFO] [stdout] error: cannot determine resolution for the attribute macro `wg_test`
[INFO] [stdout]    --> tests/node_mnst_resolver_test.rs:926:3
[INFO] [stdout]     |
[INFO] [stdout] 926 | #[wg_test]
[INFO] [stdout]     |   ^^^^^^^
[INFO] [stdout]     |
[INFO] [stdout]     = note: import resolution is stuck, try simplifying macro imports
[INFO] [stdout] 
[INFO] [stdout] 
[INFO] [stdout] error: cannot determine resolution for the attribute macro `wg_test`
[INFO] [stdout]    --> tests/node_mnst_resolver_test.rs:976:3
[INFO] [stdout]     |
[INFO] [stdout] 976 | #[wg_test]
[INFO] [stdout]     |   ^^^^^^^
[INFO] [stdout]     |
[INFO] [stdout]     = note: import resolution is stuck, try simplifying macro imports
[INFO] [stdout] 
[INFO] [stdout] 
[INFO] [stdout] warning: unused import: `warpgrapher::engine::database::DatabaseEndpoint`
[INFO] [stdout]  --> examples/event_handlers/main.rs:9:5
[INFO] [stdout]   |
[INFO] [stdout] 9 | use warpgrapher::engine::database::DatabaseEndpoint;
[INFO] [stdout]   |     ^^^^^^^^^^^^^^^^^^^^^^^^^^^^^^^^^^^^^^^^^^^^^^^
[INFO] [stdout]   |
[INFO] [stdout]   = note: `#[warn(unused_imports)]` on by default
[INFO] [stdout] 
[INFO] [stdout] 
[INFO] [stderr] error: could not compile `warpgrapher` (example "quickstart") due to 2 previous errors; 1 warning emitted
[INFO] [stdout] error: aborting due to previous error; 1 warning emitted
[INFO] [stdout] 
[INFO] [stdout] 
[INFO] [stdout] For more information about this error, try `rustc --explain E0432`.
[INFO] [stdout] 
[INFO] [stderr] error: could not compile `warpgrapher` (example "endpoints") due to 2 previous errors; 1 warning emitted
[INFO] [stdout] warning: unused import: `log::trace`
[INFO] [stdout]  --> tests/setup/mod.rs:5:5
[INFO] [stdout]   |
[INFO] [stdout] 5 | use log::trace;
[INFO] [stdout]   |     ^^^^^^^^^^
[INFO] [stdout]   |
[INFO] [stdout]   = note: `#[warn(unused_imports)]` on by default
[INFO] [stdout] 
[INFO] [stdout] 
[INFO] [stderr] error: could not compile `warpgrapher` (example "event_handlers") due to 2 previous errors; 1 warning emitted
[INFO] [stdout] warning: 1 warning emitted
[INFO] [stdout] 
[INFO] [stdout] 
[INFO] [stdout] error: aborting due to 13 previous errors; 1 warning emitted
[INFO] [stdout] 
[INFO] [stdout] 
[INFO] [stdout] For more information about this error, try `rustc --explain E0432`.
[INFO] [stdout] 
[INFO] [stderr] error: could not compile `warpgrapher` (test "node_snst_resolver_test") due to 14 previous errors; 1 warning emitted
[INFO] [stdout] error: aborting due to 17 previous errors; 1 warning emitted
[INFO] [stdout] 
[INFO] [stdout] 
[INFO] [stdout] For more information about this error, try `rustc --explain E0432`.
[INFO] [stdout] 
[INFO] [stderr] error: could not compile `warpgrapher` (test "node_mnst_resolver_test") due to 18 previous errors; 1 warning emitted
[INFO] running `Command { std: "docker" "inspect" "589e9a53be7c203d7146371732505220516bbe1ac8664d0c685846e1e8dd736e", kill_on_drop: false }`
[INFO] running `Command { std: "docker" "rm" "-f" "589e9a53be7c203d7146371732505220516bbe1ac8664d0c685846e1e8dd736e", kill_on_drop: false }`
[INFO] [stdout] 589e9a53be7c203d7146371732505220516bbe1ac8664d0c685846e1e8dd736e
